inder when r is divided by 4?
3
Let g(k) = k**3 + 2*k**2 - 3*k - 2. Let m be g(-4). Let a = m + 36. Suppose -u + a + 2 = 0. Calculate the remainder when 61 is divided by u.
13
Let k = 11 - 15. Let b(y) = -y**3 - 4*y**2 - 4*y - 5. Calculate the remainder when ((-516)/(-30) - 16)*100/6 is divided by b(k).
9
What is the remainder when ((-16)/(-2) - 7)*540 is divided by 68?
64
Suppose -12*r = -307 - 617. What is the remainder when r is divided by 39?
38
Suppose -9*q + 16*q - 392 = 0. Calculate the remainder when q is divided by 21.
14
Let a = 26 + -5. Calculate the remainder when 83 - (-2 + 2)*(-3)/9 is divided by a.
20
Suppose v + 2*v + 2*x = 79, 3*v - x = 82. Suppose v = 2*a - 121. What is the remainder when a is divided by 11?
8
Suppose -5*x + 16 = -89. Let t = 51 - x. Calculate the remainder when t is divided by 9.
3
Let g(i) = -i**3 + 19*i**2 + 2*i - 23. Calculate the remainder when 69 is divided by g(19).
9
Suppose -2*f = t - 2 - 1, 5*f + 5 = 0. Suppose -s - 42 = -3*v, -t*v = -3*v + 4*s - 28. Calculate the remainder when 68 is divided by v.
12
Let z(o) = 2*o**2 - 5*o - 13. Let f be z(7). Suppose -3*d - 25 = -2*b, -b + 4*b = 2*d + f. What is the remainder when b is divided by 12?
8
Let g = -19 + 3. Let p = 30 + g. What is the remainder when 41 is divided by p?
13
Suppose 4 = 4*o, 1061 = 29*q - 24*q + o. What is the remainder when q is divided by 55?
47
Suppose -4*m + 5*a = -157, 4*m - 184 = -4*a - 0*a. What is the remainder when 235 is divided by m?
20
Suppose -4*j + 4*p - p - 4 = 0, -3*j + 5*p - 14 = 0. Let d(n) = -5 - 3*n**2 + 2 + 6*n**3 + 839*n - 837*n. What is the remainder when 146 is divided by d(j)?
35
Let t(v) = -v**2 + 14. Suppose 416*x + 264 = 427*x. Calculate the remainder when x is divided by t(0).
10
Suppose 27 = a + x, -2*a + 3*a - 33 = -4*x. What is the remainder when 36/(4/14 - 91/(-196)) is divided by a?
23
Suppose -5*l = -o - 87 - 104, -2*l + o + 74 = 0. Let j = l + -28. Calculate the remainder when -4 - (-2 - -1)*34 is divided by j.
8
Let k = -231 + 255. Calculate the remainder when 167 is divided by k.
23
Let w = 293 + -218. Calculate the remainder when w is divided by 19.
18
Suppose -2*t + 12 = -6*t. Suppose -17 = 16*r - 17*r. What is the remainder when r is divided by -1*(-4 - t)*11?
6
Let g = 706 + -151. What is the remainder when g is divided by 93?
90
Suppose 3*i - 4*n = 6, i - 3*n = -2*i + 6. Suppose b - 4*o - 6 = -2*o, 5*o = i*b - 13. Calculate the remainder when 7 is divided by 1 + (16/4)/b.
1
Let w = 100 + 89. What is the remainder when w is divided by 39?
33
Let s = -856 + 911. Calculate the remainder when 102 is divided by s.
47
What is the remainder when 119 is divided by 0/(-3) - (-1 + -23 + 1)?
4
Let a be 106/8*(-104)/(-13). Let t = -67 + a. Calculate the remainder when t is divided by 8.
7
Suppose 1 = 3*l - 8. Suppose -9 = -l*n + 36. Calculate the remainder when (-3910)/(-68) - ((-3)/(-6) + 0) is divided by n.
12
Let m = 17 + -18. Let s be m + (3 - -22) - 4. Calculate the remainder when 12/s + 668/20 is divided by 9.
7
Let t(s) = 10*s + 25. Calculate the remainder when t(0) is divided by 17.
8
Suppose 5*g = 20, 7*f + 3*g - 30 = 4*f. Let k(t) = -2*t**3 - 3*t**2 - 2*t - 1. Let a be k(-2). Let v = a + f. What is the remainder when 22 is divided by v?
9
Suppose -u = 1 - 2. Let w be 3 + u + (-352)/16. Let x = 35 + w. Calculate the remainder when x is divided by 4.
1
Suppose -5*l - 33 + 213 = 0. Suppose 5*w = l + 224. Calculate the remainder when w is divided by 8.
4
Let r be 5 + 6/((-24)/100). Let m(v) = v**3 + 19*v**2 - 23*v - 3. What is the remainder when m(r) is divided by 12?
9
Suppose -3*a - 2*w + 6*w = -2, 0 = 3*a + 4*w + 14. Let x(y) = -2*y**3 - 2*y**2 + 6*y + 8. Calculate the remainder when 37 is divided by x(a).
1
Let l = 26 + -8. Let h = l + 11. Calculate the remainder when 85 is divided by h.
27
Suppose -2*m = -5*o + 220, -4*o - m + 97 + 66 = 0. What is the remainder when 135 is divided by o?
9
Let w(c) = c**2 + 7*c + 9. Let o be w(-6). Suppose -k + 56 = o*k. Let d(j) = j**3 - 6*j**2 + 8*j - 8. Calculate the remainder when d(6) is divided by k.
12
Suppose 5*t = -0*t + 65. Suppose 0 = 17*z - 13*z - 20. Suppose z*w = 10*w - 190. Calculate the remainder when w is divided by t.
12
Let d = -17 - -58. Suppose 4*p - 41 = 2*p - b, 0 = 5*p - b - 106. Calculate the remainder when d is divided by p.
20
Suppose -2*a - 1 = -9. Suppose 4*i - 11 + 3 = 0. Suppose 18 = i*w - 0. Calculate the remainder when w is divided by a.
1
Suppose 5*n = n + 96. Let i be (-18)/n - (-30)/8. Let k = i - -3. Calculate the remainder when 16 is divided by k.
4
Let a be 5166/8 + (-11)/(-44). Suppose -214 = 8*m - a. Calculate the remainder when m is divided by 15.
9
Calculate the remainder when (-475)/(-10) - (-18)/(-12) is divided by 567/33 - (-6)/(-33).
12
Suppose 5*t - 242 = -p, p = 3*t + 366 - 92. What is the remainder when p is divided by 12?
10
Let g = -366 - -625. Calculate the remainder when g is divided by 52.
51
Suppose 0 = -8*j + 296 + 120. Let r = -4 - -6. Suppose j = -r*a + 4*a. Calculate the remainder when 51 is divided by a.
25
Let y(v) = 3*v - 13. Let f be y(9). Let l(o) = -o**2 - 8*o - 1. What is the remainder when (f - 1)*(-6 + 10) is divided by l(-5)?
10
Suppose h + 4*c = -8, h - 3*c + 0*c - 27 = 0. Suppose t - 202 = -3*t + 2*p, 4*t = -p + 193. What is the remainder when t is divided by 23 + (h/3 - 2)?
24
Let v(j) = j**3 - 4*j**2 + 2. Let s be v(4). Calculate the remainder when (-222)/2997 - (-5)/(405/4137) is divided by (3/6)/(s/56).
9
Suppose 0 = -141*q + 27*q + 570. Suppose -3*z = -2*z - 6. Calculate the remainder when z is divided by q.
1
Suppose -2*k = -y + 17, -5*y - 104*k = -108*k - 79. Calculate the remainder when y is divided by (-1)/(1 - 3/2).
1
Let z = -1487 - -1503. Let h = -9 + 13. Suppose 0*w + 24 = h*w. Calculate the remainder when z is divided by w.
4
Suppose -5*m = 19*f - 21*f + 54, 3*f + m - 115 = 0. Calculate the remainder when f is divided by 8.
5
Let a(h) = -h + 9. Let w(g) = 1. Let m(k) = a(k) - 3*w(k). What is the remainder when 54 is divided by m(-10)?
6
Let f(o) = 3*o**3 - 2*o**2 - 2*o + 7. Let a be f(-3). What is the remainder when 127 is divided by a*(-2)/(-10)*(-55)/22?
41
Suppose 4*u + 20 = 0, -4*u + 33 + 19 = 3*z. Suppose 0 = -2*c + 3*o + 15, 5*c - 3*o - 47 = -5. Calculate the remainder when z is divided by c.
6
Suppose 5*u = -0*u + 10. Suppose -3*p = -304 - 404. Suppose 2*d - p = -u*d. What is the remainder when d is divided by 31?
28
Suppose -f + 0*f + 2531 = 3*g, 3*g = f + 2539. What is the remainder when 30 is divided by ((-1)/2)/(g/170 - 5)?
13
Suppose -10*s - 116 = -5*t - 6*s, -2*t + 44 = -s. What is the remainder when 536 is divided by t?
16
Let o(q) = 131*q + 2540. Let n(i) = 2*i. Let l be n(1). Suppose -c + 0*c = h - 21, 5*h - l*c = 140. Calculate the remainder when o(-19) is divided by h.
25
Suppose 3*z = 2*o - 25, 4*z + 5 = 1. What is the remainder when 1020 is divided by o?
8
Calculate the remainder when (-48)/2*(-6)/8 is divided by 9*(-2)/6 + 8.
3
Let x(q) = -q**3 + 9*q**2 - 6*q - 5. Suppose 22 = 2*w + 5*n, -3*w + 26 = 4*n - 0*n. What is the remainder when x(w) is divided by 17?
16
Let w be 5 - 3 - -92 - -5. What is the remainder when w + (-7)/4 + (-21)/(-28) is divided by 27?
17
Let q(s) = s**3 + 6*s**2 + 5*s + 10. What is the remainder when 1 - 405/(-10) - 6/(-4) is divided by q(-4)?
21
Let r = -172 - -197. What is the remainder when 79 is divided by r?
4
Suppose 3*w - 49 = 2*w - 4*a, -2*w + 102 = 4*a. Calculate the remainder when w is divided by 14.
11
Let v = 55 + 5. Calculate the remainder when v is divided by 15.
0
Suppose 3*y = -c + 161, 2*c + 2*c = -y + 72. What is the remainder when 63 is divided by y/24 - 2 - 95/(-6)?
15
Let d = -58 + 85. Let t = 170 - 121. Calculate the remainder when t is divided by d.
22
Let l(f) = -f + 33. Suppose 2*y - 47 = -7. What is the remainder when l(-23) is divided by y?
16
Let q(t) = 0 + t + 6 + 0. What is the remainder when 96 is divided by q(14)?
16
Let k(a) = a**2 + 5*a + 26. What is the remainder when 139 is divided by k(0)?
9
Let y(i) = 24*i + 33. What is the remainder when 454 is divided by y(1)?
55
Let a(x) = -16. Let f(j) = -j. Let b(u) = -a(u) + f(u). Let i be b(12). Calculate the remainder when 5 is divided by 3 + 16/(-4) + 